visor of z and s.
8
Suppose 117*h - 456 = 113*h. Suppose 1245*f - 456 = 1242*f. Calculate the highest common divisor of f and h.
38
Let w be (-22)/(5 + 6) - (1 - (967 + -1)). What is the highest common factor of 428 and w?
107
Let m(u) = 2*u**2 + 27*u + 19. Let y be m(-15). Suppose 61*w = y*w - 234. Calculate the greatest common divisor of 273 and w.
39
Let b = -4423 - -4431. Suppose 3*m - 6*m + 1176 = 0. Calculate the greatest common divisor of m and b.
8
Suppose -217*s - 658 = -231*s. Let h(f) = 35*f - 21. Let t be h(10). Calculate the highest common divisor of t and s.
47
Suppose -f + 4*g = -0*f + 294, 1191 = -4*f + g. Let k = f + 303. Calculate the highest common divisor of 40 and k.
5
Let m be 12/9*(-9)/2. Suppose 5*v = 3*r - 7*r + 46, 3*v = 3*r + 6. Let y be (-16)/(((-1)/(-1))/(m/v)). Calculate the highest common factor of y and 32.
16
Let d = -64104 - -64116. Suppose 5*w = x + 1378, -4*w - 278 = -5*w - x. Calculate the highest common divisor of d and w.
12
Let o = 43 - -20. Suppose -9*s + r - 754 = -13*s, -183 = -s - 3*r. What is the highest common divisor of o and s?
63
Let o = -54632 + 54727. Let g = -149 - -301. Calculate the highest common divisor of g and o.
19
Let x(u) be the first derivative of 5*u**2/2 - 44*u + 2. Let m be x(13). What is the highest common divisor of m and 42?
21
Let x = 511 - 511. Suppose -30*b + 6*b + 48 = x. Calculate the greatest common divisor of b and 76.
2
Let z = -14528 + 14638. What is the highest common factor of z and 11660?
110
Let l = -19487 - -19476. Let o(s) = -2*s + 6. Let h be o(4). Let r be (-432)/(-44) - (h - 20/l). What is the greatest common divisor of r and 20?
10
Let l be 1*6*14/21. Suppose 5*o + 5*j - 5 = 0, j = -3*o + 5*j - l. Suppose o = p - 25 - 35. What is the highest common divisor of 15 and p?
15
Suppose 44*b - 68 - 330 = 174. Calculate the highest common divisor of 1937 and b.
13
Suppose 453 - 173 = 5*i. Let w = i - -30. Let k = -2 + w. What is the highest common divisor of 21 and k?
21
Let x be 34/((-45)/(-25) + 46733/(-26010)). Calculate the highest common divisor of x and 108.
36
Let c(i) = 85*i**2 - 2*i - 1. Let a be c(-1). Let z(y) = -23 + a - 33 - y**2 + y. Let h be z(0). Calculate the greatest common factor of 3 and h.
3
Let p be (-56 - -113)/(((-30)/25)/((-932)/10)). What is the greatest common divisor of 19 and p?
19
Let c = 235 + -227. Suppose c*f = 129 - 33. Calculate the highest common divisor of 60 and f.
12
Let s be 2/((-15)/(-35) - (-8)/14). Suppose 4*n + 0*n = s*k + 32, -n = -4*k - 29. Let z be 0 - 63/(0 + 9/k). Calculate the highest common factor of 6 and z.
6
Suppose -2*u = -3*h - 169, -h + u + 122 = -3*h. Let j = -49 - h. Let x(y) = -y + 16. Let a be x(j). What is the greatest common factor of 24 and a?
6
Let d be (-4)/(-30) - 196/(-105). Let h be (-70)/(-4) - (-1)/d. What is the highest common divisor of h and 18?
18
Let k be (15 - -13) + 1 + (2 - 2). Suppose -4*z = -14*z + 270. Let a = k + z. Calculate the highest common divisor of 16 and a.
8
Suppose -2*b - 325 = 3*h - 989, 0 = 4*h - 3*b - 908. Calculate the greatest common divisor of h and 256.
32
Let a = 35 - 9. Let w(j) = -36*j - 1830. Let l be w(-53). What is the greatest common factor of a and l?
26
Let z be (1 + -1)*(4/(-8) - 0). Suppose 3*c + 3*c - 66 = z. Suppose m - 16 = x, x - 6 = m - 2*m. Calculate the greatest common factor of m and c.
11
Let h be 1/(10/(-40)) - ((3 - 46) + -6). Calculate the greatest common divisor of h and 180.
45
Let r = -166 + 170. Let k be (8/(-36))/(r/(-36)). Calculate the greatest common factor of 122 and k.
2
Let x(p) = 5*p - 1. Let d(a) = 11*a - 3. Let n(b) = 4*d(b) - 9*x(b). Let k be n(-5). Suppose k*r = 9*r - 1001. What is the greatest common factor of 13 and r?
13
Suppose 0 = k + 3*k, 0 = -5*i - k + 65. Let c(f) = 27*f + 12. Let w be c(i). Suppose w = -4*g + 7*g. What is the highest common divisor of 11 and g?
11
Suppose 0 = -5*a - 4*f + 4478, -2*a - 3*f - 83 = -1863. What is the highest common divisor of a and 352?
22
Suppose -53*v + 20 = -48*v. Let s be (-3570)/(-12)*((-32)/10 + v). What is the highest common factor of 34 and s?
34
Suppose 3*q - 4*s = -5*s, 0 = 4*q - 4*s. Suppose 0 = 7*b - 4*b - 3, q = f - 4*b - 108. What is the highest common divisor of f and 42?
14
Let s = -23610 - -41225. What is the highest common factor of s and 65?
65
Suppose -5*j + 0*j + 3*r - 3 = 0, 4*j - 5*r + 5 = 0. Let q(u) = -u - 4*u - 2 - u + j*u. Let m be q(-3). Calculate the greatest common factor of 40 and m.
8
Let b be 12/(1/(-16)*-4 + -1). Let x = 40 + b. Suppose l - 60 = -4*l. Calculate the highest common divisor of l and x.
12
Let s(g) = 3*g**2 + 3*g. Let o be s(-2). Suppose -o*x - 8 = -10*x. Suppose -4*m + 19 = 3, 10 = -i + 4*m. Calculate the greatest common divisor of i and x.
2
Suppose 0 = -p - 2*h + 362 + 436, -p + 840 = -5*h. Calculate the greatest common divisor of p and 7110.
90
Let y = 25652 - 25541. What is the greatest common divisor of y and 51171?
111
Suppose -29*p = -32*p + 15. Suppose 5*s - 34 = -3*v, -p*s + 2*v = v - 22. Let d(k) = 8*k + 4. Let g be d(s). What is the greatest common divisor of g and 22?
22
Let j be 8 + -3 + -19 - -9299. Calculate the highest common divisor of j and 45.
15
Suppose 0 = -2*j - z + 17976, -2*z + 0*z = 4. Calculate the greatest common divisor of j and 178.
89
Suppose 6*b + 141 = -63. Let q = b - -70. Calculate the greatest common factor of 324 and q.
36
Let k(x) = -39*x**3 - 41*x**2 - 16*x + 26. Let t be k(-6). Calculate the greatest common factor of t and 28.
14
Let q(j) = 20*j**2 + 89*j - 3. Let v be q(-5). What is the greatest common divisor of v and 19916?
52
Let c = 281 + -205. Let f(t) = t**3 - 14*t**2 - 22*t + 10. Let u be f(15). Let p be (60/50)/((-1)/u). What is the highest common divisor of p and c?
38
Let x(t) = 16*t**3 + 2*t**2 + 5*t - 3. Let a be 36/(-24) - (0 - (-14)/(-4)). Let l be x(a). Calculate the greatest common divisor of l and 65.
13
Let k be (-314643)/(-84) + 24/(-32). Calculate the greatest common divisor of k and 35.
35
Suppose 9392 = 4*q + 404*t - 400*t, t = -4. What is the greatest common factor of q and 128?
16
Let y(b) = b**3 + 86*b**2 + 544*b - 150. Let a be y(-79). Calculate the highest common divisor of 1 and a.
1
Let c be 486/(-810) - 33826/(-10). What is the highest common factor of c and 76?
38
Let i = -201 - -297. Suppose 3944*c - 3953*c = -2160. What is the greatest common factor of i and c?
48
Let h(z) = -z - 4. Let p be h(-11). Let b be 2 - 1 - (-81)/3. Calculate the greatest common divisor of b and p.
7
Suppose 0*y - 553317 = -205*y + 2919383. What is the highest common divisor of 280 and y?
140
Suppose 81 = 4*z + q, 5*z - 3*q - 2*q = 95. Let r be (z/(-25))/((-3)/1260). Calculate the greatest common divisor of 42 and r.
42
Suppose -4*z = 4*g - 8, -z = -g + 3 + 3. Suppose -g*x + 56 = 12. What is the greatest common factor of x and 77?
11
Suppose 5*a = 3*w + 146, 14*a + 4*w - 97 = 9*a. Suppose -2*z + z = -35. Calculate the greatest common factor of z and a.
5
Let a = 4908 + -1136. Let j be a/36 - (50/18 - 3). Calculate the greatest common factor of 30 and j.
15
Suppose -5*q + 101*q + 867 = 3363. Calculate the greatest common factor of 1391 and q.
13
Suppose -c - 471 = -2*y, 5*y + 465 = 7*y + 5*c. What is the highest common factor of 1457 and y?
47
Let w(x) = 2*x**3 - 4*x - 2. Let r be w(3). Suppose 0 = -4*h + 4*i, -5*i + 3*i + 1 = -h. Suppose -51 = -5*z - h. What is the greatest common factor of z and r?
10
Let a = -2 - -5. Suppose -a*t - 2*s = -64, -5*t - 2*s + 24 = -80. Let u(z) = -4*z - 6. Let y be u(-4). Calculate the highest common factor of t and y.
10
Let m = 28133 - 28113. Calculate the greatest common divisor of m and 45.
5
Let z = -631 + 635. Suppose -z*t + 623 = 135. What is the highest common factor of 183 and t?
61
Suppose 3*p = -104*z + 105*z - 1031, -2*p + 4138 = 4*z. Calculate the highest common divisor of z and 66.
22
Let q = 484 - 475. Let p = -95 - -101. Calculate the greatest common factor of p and q.
3
Let u(h) = h**3 + 19*h**2 - 19*h + 20. Let t be u(-20). Suppose 3*f = 15, -2*a + f + t + 11 = 0. Calculate the highest common divisor of 56 and a.
8
Suppose o - 1126 = -2*o + 1790. Calculate the highest common factor of o and 1512.
108
Let b = -4624 - -4696. What is the greates